0*u - 2482, 4*p - 3098 = -5*u. What are the prime factors of u?
2, 3, 103
Let p be 0 - -2 - (2 + -3). Let b = -104 - -102. List the prime factors of b - (279/(-3))/p.
29
Suppose -10 = 5*t, 11 = 2*u - 5*t + 1. Suppose o - 3 = u, -45 = -k - o - 2. What are the prime factors of k?
2, 5
Suppose -9 = 3*i, -3*z + 8 = -z - 4*i. What are the prime factors of (z - (-1668)/16) + 3/4?
103
Suppose 26*v = 49 + 3. Let p be 2 + (106/1)/2. What are the prime factors of 2508/p + v/5?
2, 23
Suppose -4*u + 3*u + 2 = 0. Suppose 0*r + t + 360 = 3*r, -2*r - u*t = -232. List the prime factors of r.
7, 17
Suppose -4*v + 9*v = -20. List the prime factors of (v/(-6))/((-26)/(-1677)).
43
Suppose 149 + 155 = 4*b. What are the prime factors of (-124)/(-6)*(-5 + b/8)?
3, 31
Let p(j) = 87*j - 200. List the prime factors of p(18).
2, 683
List the prime factors of (-28)/(-140) + (4499/5)/1.
2, 3, 5
Let t(n) = 14*n**2 + 15*n - 33. List the prime factors of t(4).
251
Suppose -2*a - 6 = 4*l, -a + 0 - 3 = 4*l. What are the prime factors of a - (2 - 4) - -36?
5, 7
Let w(g) = 3*g - 7. Let h be w(3). Suppose -2*j + 402 = -2*r, 3*j + 2*r - 189 = h*j. List the prime factors of j.
197
Let g(q) = 14*q**2 + 15*q - 53. What are the prime factors of g(6)?
541
Let l = -27 + 29. Suppose 3*c - 255 = 2*c + 4*i, l*i = -6. List the prime factors of c.
3
Suppose -30*h + 34971 = -6609. What are the prime factors of h?
2, 3, 7, 11
Let c(o) be the first derivative of 5*o**4/4 + 2*o**3/3 + o**2 + o + 5. Let m be c(-1). Let z = m + 24. What are the prime factors of z?
2, 5
Suppose 0 = -2*f + 2*d + 56, 0 = -5*f - 0*f - d + 128. Suppose -f = -m + 191. What are the prime factors of m?
7, 31
Let s = -30 - -34. What are the prime factors of s/(-2) - (5 - 119)?
2, 7
Let g be ((-4)/(-6))/((-2)/(-147)). Let z = g + 45. List the prime factors of z.
2, 47
Let d be (-2)/(-10) - (-3596)/20. List the prime factors of (10/6)/(3/d).
2, 5
Let j = 1166 - 725. List the prime factors of j.
3, 7
Suppose 49 + 36 = 5*l. List the prime factors of 2/l + (-52736)/(-272).
2, 97
List the prime factors of (66/15)/((-8)/(-740)).
11, 37
Suppose -4*d + 47*d - 9847 = 0. List the prime factors of d.
229
Let q(l) = 2*l**3 + 5*l**2 - l + 14. List the prime factors of q(5).
2, 3
Suppose 3*f + 1879 = -10*i + 14*i, -i - 3*f = -481. What are the prime factors of i?
2, 59
Let m(v) = 5*v**2 + 28*v - 22. Let d(x) = 9*x**2 + 56*x - 43. Let q(l) = 6*d(l) - 11*m(l). What are the prime factors of q(21)?
131
Let f = -3 - -6. Let p = 45 + -18. Suppose -f*d - 3*q = -p, -3*d + 5*q + 17 = 3*q. What are the prime factors of d?
7
Let n(c) = 2 - 5*c - c**2 - 2 + 8. Let m be n(5). List the prime factors of (280/m)/((-2)/12).
2, 5
Suppose -4*k - 5*h = -37, -3*k - 3*h = -7*k - 3. Suppose k*o = 184 + 191. What are the prime factors of o?
5
Suppose -h = 2*z - 385, -4*h = z - 1135 - 433. List the prime factors of h.
3, 131
Let y = 5 - 0. Suppose 64 = -q + y*q. Suppose -3*a = -f - 20, 1 = 2*a + 3*f - q. What are the prime factors of a?
7
Let q = -13 - -49. Let g be q/(-60) + 53/5. Suppose 5*n - 20 = -a, 4*n + 2*a + 0 = g. What are the prime factors of n?
5
Suppose 12*g = 2032 + 11840. What are the prime factors of g?
2, 17
Suppose -2*b = -5*b - 15. Let y(j) = -j**3 - 6*j**2 - 5*j + 4. Let n be y(b). Suppose 90 = -n*u + 7*u. What are the prime factors of u?
2, 3, 5
Let v(u) = 8*u**2 - 27*u - 11. List the prime factors of v(-15).
2, 1097
Suppose -6763 = -2*s + 5*d, s - 13*d = -9*d + 3380. What are the prime factors of s?
2, 3, 47
Let r = 161 + -77. Suppose 4*u - 2*c = 354, -r = -u - 5*c + 21. Suppose -4*a = 3*h - 127, -46 = -4*h + 3*a + u. What are the prime factors of h?
37
Let h(s) = s**2 - s - 1. Let j be h(3). Let q be ((-3)/j)/((-6)/30). What are the prime factors of 1 + (3 + 5 - q)?
2, 3
Let l = 261 - 121. What are the prime factors of l*(5 - (-20)/(-8))?
2, 5, 7
What are the prime factors of 2158/6 + 1/3 + -3?
3, 7, 17
Let a be 649 + -1 - (-24)/6. Suppose 2*x - 5*l = -l + 244, -5*x - 4*l + a = 0. Suppose -x = -5*q + 57. List the prime factors of q.
37
Let c be (14 - -13)/((-2)/6). Let i = -49 - c. List the prime factors of i.
2
Suppose 0*h = 3*h + 18. Let u be 10 + -7 + h/(-2). Suppose 5*w = u*w - 25. List the prime factors of w.
5
Suppose -5*q = -3*q + 8. What are the prime factors of 2995/15 + q/6*1?
199
Let b = -75 + 71. List the prime factors of (30/b)/(1/(-28)).
2, 3, 5, 7
Suppose o + 3897 - 12 = 3*i, 0 = i - 3*o - 1295. List the prime factors of i.
5, 7, 37
Suppose -2*c - 44 = 12. Let i = c + 51. Let n = i + -14. What are the prime factors of n?
3
Suppose -f + 5*s = 7, 14 = -2*f + 6*f + s. Suppose 0 = f*z - 141 - 69. List the prime factors of z.
2, 5, 7
Let u be ((-39)/(-15) + -3)*-5*1. Suppose 0 = 3*v + 2*c + u*c - 480, -v + 160 = -2*c. List the prime factors of v.
2, 5
Suppose o - 9*c + 4*c - 189 = 0, -5*o - c = -893. What are the prime factors of o?
179
List the prime factors of 3/(3 + -2)*(-3790)/(-15).
2, 379
Let j(t) = t**3 + 14*t**2 - 8*t - 18. Let c be j(-14). Suppose -c = -0*h - 2*h. List the prime factors of h.
47
Let q(n) = 2*n - 1 + 2 - 4 - 4*n. Let y be q(10). What are the prime factors of (-4 + y)/((-3)/4)?
2, 3
Let g = -968 - -1763. List the prime factors of g.
3, 5, 53
Let v = 43 - -15. Let g(s) = -s**2 - 3*s. Let h be g(5). Let p = h + v. List the prime factors of p.
2, 3
Suppose -3*d + 2 + 10 = 0. Suppose 0 = -d*u + u + 174. Suppose -n = n - u. What are the prime factors of n?
29
List the prime factors of (11 + -11)*-1 - -1896.
2, 3, 79
Suppose -5*u + 1594 + 1926 = 0. What are the prime factors of u?
2, 11
Let a = 3285 - 2228. What are the prime factors of a?
7, 151
Let j = -15 + 54. Let d be 15/6 - (-3)/(-6). Suppose j = d*b - 17. List the prime factors of b.
2, 7
Let i be ((-1)/2)/((-7)/70). Suppose 5*v - 280 = -2*y, y - 2*y - i*v = -130. Suppose -30 = -4*z + y. What are the prime factors of z?
3, 5
Let u(l) = -93*l**3 + 8*l**2 + 4*l + 1. List the prime factors of u(-2).
769
Let t(w) = w + 19. Let j be t(-15). Suppose -4*d - j = 0, 0 = -4*i - 0*i - 4*d + 216. List the prime factors of i.
5, 11
Let i(a) = a**2 + 2*a + 7. Let d be 1/(-3) - 16/6. List the prime factors of i(d).
2, 5
Let b = 2364 + -1378. What are the prime factors of b?
2, 17, 29
List the prime factors of (-2)/(-5)*(-11)/((-132)/78420).
2, 1307
Suppose 119 = 3*m - 124. What are the prime factors of m?
3
Suppose -o = -30 + 104. Let w = o + 127. What are the prime factors of w?
53
Let k be 500/(-1 - (-2 - -2)). Let c = k - -1515. What are the prime factors of c/28 + 6/8?
37
List the prime factors of 2 - -407 - (-88)/22.
7, 59
What are the prime factors of 15*139 + 66/22?
2, 3, 29
Suppose -10*p = -3072 - 5868. List the prime factors of 1/21*6 - p/(-7).
2
Suppose 7*q = 11*q + 140. Let p = -10 - q. What are the prime factors of p?
5
Let p be (-2)/11 + 342/66. Suppose -6*c + 4 = -p*c. Suppose 130 = c*v - 42. What are the prime factors of v?
43
Let s(x) be the first derivative of 2*x**2 + 2*x + 1/4*x**4 - 4/3*x**3 - 4. What are the prime factors of s(4)?
2, 3
Let z(q) = 0*q - 2*q - 21 + 0*q + 0*q. List the prime factors of z(-20).
19
Suppose 2*y = y. Suppose -12 + 3 = -3*j, -2*v + j = -3. What are the prime factors of (y + 3)/v - -2?
3
Let m = -857 + 2966. List the prime factors of m.
3, 19, 37
Let y(h) = -40*h + 17. Let k be y(-6). Suppose 23 = 4*l - k. What are the prime factors of l?
2, 5, 7
Suppose -6 = 2*v - 8. Let p = v + 8. List the prime factors of p.
3
Let h(o) = 417*o**2 + 41*o - 128. What are the prime factors of h(3)?
2, 937
What are the prime factors of 98/(-343) - (-6036)/7?
2, 431
Suppose -16306 = 61*v - 92*v. List the prime factors of v.
2, 263
Let p(s) = -33*s**3 - 13*s**2 - 3*s. List the prime factors of p(-3).
3, 29
Let r be (14 + 1)*(-13 - -1). Let k = 480 + r. List the prime factors of k.
2, 3, 5
Suppose -813*k - 18405 = -822*k. List the prime factors of k.
5, 409
Suppose -6*a - 1567 = -2*b - 3*a, 3*a = 3*b - 2358. List the prime factors of b.
7, 113
List the prime factors of ((-126)/12)/((-4)/152).
3, 7, 19
Suppose 0 = y + 4 + 23. Let u = 43 - y. List the prime factors of u.
2, 5, 7
Let g(m) = -m**3 - 7*m**2 - 9*m + 4. Let u be g(-6). Suppose 5*o + u = 6*o. List the prime factors of o.
2, 11
Let t(x) = -x**2 + 10*x + 7. Let v be t(11). Let y(m) = 